101242?
True
Is 2710 a factor of 4101040887?
False
Is 7366 a factor of 4886896?
False
Does 269 divide 173436825?
False
Is 4 a factor of 12170108?
True
Is 47832707 a multiple of 871?
True
Is 949227244 a multiple of 287?
True
Is 35836876 a multiple of 186?
False
Is 101888065 a multiple of 1985?
True
Is 98518901 a multiple of 481?
True
Does 12 divide 20674032?
True
Is 99591122 a multiple of 19?
True
Is 145 a factor of 504738910?
True
Does 374 divide 2815665?
False
Is 18441895 a multiple of 164?
False
Is 171631132 a multiple of 796?
True
Does 109 divide 45894596?
False
Is 488 a factor of 902600408?
True
Is 4 a factor of 66447102?
False
Does 16 divide 96372624?
True
Is 50060496 a multiple of 1392?
True
Does 20 divide 35455680?
True
Does 170 divide 99258818?
False
Is 32739704 a multiple of 110?
False
Is 100 a factor of 106866800?
True
Is 239148011 a multiple of 9?
False
Is 106 a factor of 14664933?
False
Is 58 a factor of 2047574?
True
Is 24286235 a multiple of 1235?
False
Does 2370 divide 65631639?
False
Is 25 a factor of 125726650?
True
Does 807 divide 454716518?
False
Does 21 divide 39841200?
True
Is 1305 a factor of 51953624?
False
Does 284 divide 14858143?
False
Does 63 divide 188721225?
True
Does 2 divide 2934163?
False
Does 1334 divide 775341783?
False
Is 14940331 a multiple of 7?
True
Does 500 divide 4889220?
False
Is 26 a factor of 148955040?
True
Is 670729440 a multiple of 80?
True
Is 3969 a factor of 88361847?
True
Is 92 a factor of 197712392?
False
Is 429 a factor of 267932871?
False
Is 43632336 a multiple of 51?
True
Is 43543774 a multiple of 83?
False
Is 2 a factor of 4267885?
False
Is 3220169 a multiple of 21?
False
Does 45 divide 411639597?
False
Does 3593 divide 258055606?
False
Is 1496752791 a multiple of 2294?
False
Is 84 a factor of 1004472?
True
Does 74 divide 4264499454?
True
Is 31126291 a multiple of 1032?
False
Is 123286104 a multiple of 216?
True
Is 12 a factor of 441768?
True
Is 17 a factor of 44430092?
False
Is 34821736 a multiple of 2048?
False
Does 31 divide 300561368?
True
Is 662 a factor of 18995859?
False
Is 2578295232 a multiple of 144?
True
Is 3801682928 a multiple of 6?
False
Is 272093718 a multiple of 34?
False
Is 4056 a factor of 735069159?
False
Is 378 a factor of 23536926?
True
Does 3913 divide 4103191365?
True
Does 625 divide 2139663750?
True
Is 674789819 a multiple of 1110?
False
Does 1195 divide 89269105?
False
Is 924196 a multiple of 2?
True
Is 3363 a factor of 4732228635?
True
Is 63 a factor of 364845171?
False
Is 252 a factor of 529848144?
True
Is 13705152 a multiple of 328?
True
Is 24 a factor of 25821694?
False
Is 182 a factor of 1071542290?
True
Is 340 a factor of 161421120?
True
Is 33 a factor of 88074261?
True
Is 3 a factor of 11077598?
False
Does 1914 divide 437138460?
True
Is 2 a factor of 14976666?
True
Is 901856429 a multiple of 294?
False
Is 6828598 a multiple of 3?
False
Is 496204368 a multiple of 8783?
True
Is 9 a factor of 378666470?
False
Is 10125357 a multiple of 4?
False
Is 67831356 a multiple of 447?
True
Is 212 a factor of 10991776?
True
Is 3215 a factor of 2118408510?
True
Does 12 divide 8481753?
False
Is 135420153 a multiple of 33?
True
Does 103 divide 28515668?
False
Is 127 a factor of 127557914?
False
Does 949 divide 23727771?
False
Is 472 a factor of 103671934?
False
Is 126 a factor of 79177770?
True
Does 5148 divide 89526367?
False
Is 2385391 a multiple of 2?
False
Is 237295036 a multiple of 484?
True
Does 4 divide 68948096?
True
Is 1946 a factor of 133460195?
False
Is 2315 a factor of 200847348?
False
Does 44 divide 67701469?
False
Is 8765491 a multiple of 28?
False
Is 22 a factor of 1435610?
True
Is 14 a factor of 107790452?
True
Is 39 a factor of 23070452?
False
Does 60 divide 3337564?
False
Is 12 a factor of 37047615?
False
Is 28 a factor of 1825899826?
False
Is 88 a factor of 257772740?
False
Is 71886130 a multiple of 10?
True
Is 784 a factor of 202532288?
True
Is 23 a factor of 17781990?
True
Is 831 a factor of 28431834?
True
Is 1521132269 a multiple of 108?
False
Is 330970562 a multiple of 13?
True
Is 952230663 a multiple of 49?
False
Is 1432 a factor of 1643314512?
True
Does 37 divide 464520145?
False
Does 2 divide 115998252?
True
Does 222 divide 38988750?
True
Does 15 divide 20498602?
False
Does 395 divide 96123656?
False
Is 161830242 a multiple of 1666?
True
Does 233 divide 665215?
True
Is 41719701 a multiple of 83?
True
Does 5131 divide 1076871575?
False
Is 212571631 a multiple of 59?
True
Is 120910643 a multiple of 142?
False
Is 31 a factor of 734459963?
False
Is 63444245 a multiple of 2310?
False
Is 1091304311 a multiple of 19?
True
Does 78 divide 1080814054?
False
Does 17 divide 273917549?
True
Does 159 divide 585328608?
True
Does 18 divide 26113341?
False
Does 2 divide 218086267?
False
Does 328 divide 6691552?
False
Is 65146548 a multiple of 4?
True
Is 13096366 a multiple of 862?
True
Is 71 a factor of 4478822?
True
Does 38 divide 61933882?
True
Does 39 divide 4664478?
True
Is 5 a factor of 28904240?
True
Is 783379142 a multiple of 119?
True
Is 30503283 a multiple of 591?
True
Is 1446204 a multiple of 76?
True
Is 127 a factor of 21897975?
True
Does 672 divide 941437728?
True
Is 20973832 a multiple of 44?
True
Is 23599875 a multiple of 705?
True
Does 147 divide 1356777513?
True
Is 88803699 even?
False
Is 2395256304 a multiple of 56?
True
Is 86078068 a multiple of 21?
False
Is 352 a factor of 180576542?
False
Is 21450720 a multiple of 16?
True
Is 6900439 a multiple of 6?
False
Is 143974530 a multiple of 1530?
True
Is 45 a factor of 16590514?
False
Is 505 a factor of 12232615?
True
Is 294082584 a multiple of 12?
True
Is 431391708 a multiple of 2497?
True
Is 51590553 a multiple of 3322?
False
Does 334 divide 421082818?
True
Is 40 a factor of 26999440?
True
Is 91003694 a multiple of 22?
False
Does 81 divide 28660026?
False
Does 117 divide 64737270?
True
Does 1631 divide 113649711?
True
Does 376 divide 99800176?
True
Is 373 a factor of 1943424369?
True
Does 5 divide 5871365?
True
Is 380 a factor of 801074580?
True
Does 349 divide 3623667?
True
Is 903460102 a multiple of 262?
True
Is 244 a factor of 152225106?
False
Is 1373 a factor of 111859683?
True
Does 2459 divide 414194969?
False
Does 1005 divide 157667968?
False
Does 12 divide 260539673?
False
Does 155 divide 18363816?
False
Is 805637793 a multiple of 9?
False
Is 210 a factor of 25428105?
False
Does 137 divide 2509429?
True
Is 149074755 a multiple of 32?
False
Is 985 a factor of 100367660?
False
Is 23 a factor of 380577849?
True
Is 32 a factor of 10579072?
True
Does 479 divide 54472359?
True
Is 40812387 a multiple of 21?
True
Is 11 a factor of 833993083?
True
Is 42672658 a multiple of 175?
False
Is 10 a factor of 5478072910?
True
Does 351 divide 280335978?
True
Is 91075869 a multiple of 1047?
False
Is 717055171 a multiple of 7?
True
Is 248 a factor of 30417033?
False
Does 18 divide 1989312458?
False
Is 40 a factor of 3245098120?
True
Is 307347890 a multiple of 50?
False
Is 199431317 a multiple of 5779?
False
Is 41 a factor of 2865268195?
False
Is 818 a factor of 42812484?
True
Is 6485831793 a multiple of 21?
True
Is 64 a factor of 150204480?
True
Does 154 divide 11129140?
False
Is 944948 a multiple of 4?
True
Is 6415964850 a multiple of 565?
True
Is 367420456 a multiple of 1768?
True
Is 36108778 a multiple of 272?
False
Is 19 a factor of 1319592351?
True
Does 18 divide 30169740?
False
Is 314 a factor of 2230656?
True
Is 143 a factor of 203242914?
False
Is 20 a factor of 85914931?
False
Does 38 divide 3070134003?
False
Is 11 a factor of 755249?
True
Does 942 divide 37027194?
True
Does 4383 divide 3473256068?
False
Does 8 divide 663259088?
True
Is 229 a factor of 431169508?
False
Is 16594167 a multiple of 3?
True
Is 51151086 a multiple of 1297?
True
Is 109823519 a multiple of 579?
False
Is 1389531 a multiple of 237?
True
Is 164915668 a multiple of 674?
True
Does 13 divide 206842315?
False
Does 9 divide 2453751918?
True
Is 1345 a factor of 34823565?
False
Is 12376487 a multiple of 131?
True
Is 244 a factor of 19086867?
False
Is 11 a factor of 308259600?
True
Is 646918027 a multiple of 2579?
False
Is 464221 a multiple of 10?
False
Is 463 a factor of 2166858891?
False
Does 3 divide 1293294?
True
Does 704 divide 386948